{"id":39,"date":"2017-02-27T13:01:44","date_gmt":"2017-02-27T13:01:44","guid":{"rendered":"http:\/\/bedmil.fi\/?page_id=39"},"modified":"2017-03-29T15:17:02","modified_gmt":"2017-03-29T15:17:02","slug":"hyvan-olon-tuotteet","status":"publish","type":"page","link":"https:\/\/bedmil.fi\/?page_id=39","title":{"rendered":"Hyv\u00e4n Olon tuotteet"},"content":{"rendered":"<h3 style=\"text-align: center;\">LAMPE BERGER &#8211; HUONEILMAN\u00a0RAIKASTIN<\/h3>\n<p>&nbsp;<\/p>\n<p>&nbsp;<\/p>\n<p style=\"text-align: center;\"><a href=\"https:\/\/www.youtube.com\/watch?v=IrkcXR9RYXc\"><img loading=\"lazy\" decoding=\"async\" class=\"alignnone wp-image-337 alignleft\" src=\"https:\/\/bedmil.fi\/wp-content\/uploads\/2017\/03\/DSCF7482-300x200.jpg\" alt=\"\" width=\"500\" height=\"333\" srcset=\"https:\/\/bedmil.fi\/wp-content\/uploads\/2017\/03\/DSCF7482-300x200.jpg 300w, https:\/\/bedmil.fi\/wp-content\/uploads\/2017\/03\/DSCF7482-768x512.jpg 768w, https:\/\/bedmil.fi\/wp-content\/uploads\/2017\/03\/DSCF7482-1024x683.jpg 1024w, https:\/\/bedmil.fi\/wp-content\/uploads\/2017\/03\/DSCF7482-700x467.jpg 700w\" sizes=\"auto, (max-width: 500px) 100vw, 500px\" \/>K\u00e4ytt\u00f6ohje<\/a><\/p>\n<p>1800-luvulla kehitetty Lampe Berger, huoneilman puhdistaja, on rantautunut suomeen ja Bedmiliin muutama vuosi sitten. Ihmelampuksi ristitty Lampe Berger poistaa sis\u00e4ilmasta ep\u00e4miellytt\u00e4v\u00e4t hajut ja pilkkoo ep\u00e4puhtaudet, kuten el\u00e4inp\u00f6lyn, molekyylitasolle, saaden huoneilman raikkaaksi ja puhtaaksi. Valittavanasi on useita eri tuoksuja tai \u00a0tuoksuton neutraali puhdistusneste.<br \/>\nLampun muotoilu on joko yksinkertainen ja selke\u00e4, tai ylellisen koristeellinen katseen vangitsija.<\/p>\n<p>&nbsp;<\/p>\n<p>&nbsp;<\/p>\n<p>&nbsp;<\/p>\n<p>&nbsp;<\/p>\n<p>&nbsp;<\/p>\n<p>&nbsp;<\/p>\n<h3 style=\"text-align: left;\"><img loading=\"lazy\" decoding=\"async\" class=\"wp-image-261 alignleft\" src=\"https:\/\/bedmil.fi\/wp-content\/uploads\/2017\/03\/iso-kierr\u00e4tysmatto-harmaa-200x300.jpg\" alt=\"\" width=\"164\" height=\"246\" srcset=\"https:\/\/bedmil.fi\/wp-content\/uploads\/2017\/03\/iso-kierr\u00e4tysmatto-harmaa-200x300.jpg 200w, https:\/\/bedmil.fi\/wp-content\/uploads\/2017\/03\/iso-kierr\u00e4tysmatto-harmaa-768x1151.jpg 768w, https:\/\/bedmil.fi\/wp-content\/uploads\/2017\/03\/iso-kierr\u00e4tysmatto-harmaa-684x1024.jpg 684w, https:\/\/bedmil.fi\/wp-content\/uploads\/2017\/03\/iso-kierr\u00e4tysmatto-harmaa-700x1049.jpg 700w, https:\/\/bedmil.fi\/wp-content\/uploads\/2017\/03\/iso-kierr\u00e4tysmatto-harmaa.jpg 1068w\" sizes=\"auto, (max-width: 164px) 100vw, 164px\" \/>\u00a0LUINSPA- RIPAUS YLELLISYYTT\u00c4<\/h3>\n<p style=\"text-align: left;\">\u00a0LuinSpan \u00a0muhkeat kylpyhuonetekstiilit luovat kotiisi ylellisen spa-tunnelman.<\/p>\n<p style=\"text-align: left;\">Pyyheliinoissa on kattava kokovalikoima pikkiriikkisest\u00e4 meikkipyyhkeest\u00e4 reilun kokoiseen kylpypyyhkeeseen.<\/p>\n<ul>\n<li style=\"text-align: left;\">Pyyhkeit\u00e4 25x25cm &#8211; 100x150cm<\/li>\n<li style=\"text-align: left;\">LuinSpa kierr\u00e4tysmateriaaleista tehty matto The touch of spa (kolmessa eri koossa) on mukavan pehme\u00e4 ja sopii mainiosta kodin muihinkin tiloihin.<img loading=\"lazy\" decoding=\"async\" class=\"wp-image-317 alignright\" src=\"https:\/\/bedmil.fi\/wp-content\/uploads\/2017\/02\/pikkupyyhe-fiilis-200x300.jpg\" alt=\"\" width=\"344\" height=\"516\" srcset=\"https:\/\/bedmil.fi\/wp-content\/uploads\/2017\/02\/pikkupyyhe-fiilis-200x300.jpg 200w, https:\/\/bedmil.fi\/wp-content\/uploads\/2017\/02\/pikkupyyhe-fiilis-768x1151.jpg 768w, https:\/\/bedmil.fi\/wp-content\/uploads\/2017\/02\/pikkupyyhe-fiilis-684x1024.jpg 684w, https:\/\/bedmil.fi\/wp-content\/uploads\/2017\/02\/pikkupyyhe-fiilis-700x1049.jpg 700w, https:\/\/bedmil.fi\/wp-content\/uploads\/2017\/02\/pikkupyyhe-fiilis.jpg 1068w\" sizes=\"auto, (max-width: 344px) 100vw, 344px\" \/><\/li>\n<\/ul>\n<p>&nbsp;<\/p>\n<p>&nbsp;<\/p>\n<h3 style=\"text-align: center;\"><\/h3>\n<h3 style=\"text-align: center;\"><\/h3>\n<h3 style=\"text-align: center;\"><\/h3>\n<h3 style=\"text-align: center;\"><\/h3>\n<h3 style=\"text-align: center;\"><\/h3>\n<h3 style=\"text-align: center;\">\u00a0DURANCE<\/h3>\n<h3 style=\"text-align: center;\">\u00a0PUHDASTA PYYKKI\u00c4 &#8211; AISTEJA HIVELEVI\u00c4 TUOKSUJA<\/h3>\n<p>&nbsp;<\/p>\n<ul>\n<li><img loading=\"lazy\" decoding=\"async\" class=\" wp-image-336 alignleft\" src=\"https:\/\/bedmil.fi\/wp-content\/uploads\/2017\/03\/DSCF7930-200x300.jpg\" alt=\"\" width=\"351\" height=\"526\" srcset=\"https:\/\/bedmil.fi\/wp-content\/uploads\/2017\/03\/DSCF7930-200x300.jpg 200w, https:\/\/bedmil.fi\/wp-content\/uploads\/2017\/03\/DSCF7930-768x1152.jpg 768w, https:\/\/bedmil.fi\/wp-content\/uploads\/2017\/03\/DSCF7930-683x1024.jpg 683w, https:\/\/bedmil.fi\/wp-content\/uploads\/2017\/03\/DSCF7930-700x1050.jpg 700w\" sizes=\"auto, (max-width: 351px) 100vw, 351px\" \/>pyykinpesuaineet<\/li>\n<li>pyykinhuuhteluaineet<\/li>\n<li>silitysvesi<\/li>\n<li>palasaippuat<\/li>\n<li>tuoksukuoret<\/li>\n<li>huonetuoksusprayt<\/li>\n<li>eteeriset \u00f6ljyt<\/li>\n<li>aromaterapeuttiset ihonhoito\u00f6ljyt ja voiteet<\/li>\n<li>aromateraputtiset huonetuoksut<\/li>\n<\/ul>\n<p>&nbsp;<\/p>\n<p>&nbsp;<\/p>\n<p>&nbsp;<\/p>\n<p>Ranskalainen luomulaatuinen sarja, joka tunnetaan mm huumaavista, puhtaista tuoksuistaan.<\/p>\n<p>Liinavaatteiden pehmeys ja tuoksu kutsuu pitkiin ja hyviin y\u00f6uniin. Aromaterapiasarjan Relax huonetuoksu tai Pillow spray viimeistelev\u00e4t h\u00f6yhensaarimatkan.<\/p>\n<p>Eteeristen \u00f6ljyjen vaikutus mieleen on kiistaton. Bedmilin valikoimissa t\u00e4ll\u00e4 hetkell\u00e4 \u00f6ljyt Relax &#8211; Energy &#8211; Sensuel.<\/p>\n<p>&nbsp;<\/p>\n<h3 style=\"text-align: left;\">FOR YOURSELF<\/h3>\n<p>&nbsp;<\/p>\n<p><img loading=\"lazy\" decoding=\"async\" class=\"size-full wp-image-421 alignright\" src=\"https:\/\/bedmil.fi\/wp-content\/uploads\/2017\/03\/konjac-sponge-natural-konjac-sponge-02-karmameju_3_.jpg\" alt=\"\" width=\"240\" height=\"196\" \/>Hoitolatuotteita kotik\u00e4ytt\u00f6\u00f6n,<br \/>\nBedmilin uusin aluevaltaus l\u00f6ytyy kauneudenhoidon puolelta.<\/p>\n<ul>\n<li>Konjac sponge &#8211; pesusienet 100% luonnosta, kasvoille ja vartalolle (eri ihotyypeille omansa)<\/li>\n<li>Jalkanaamiosukat<\/li>\n<li>K\u00e4sinaamiohansikkaat<\/li>\n<li>Kasvonaamiot &#8211; puuvillainen naamio tehostaa hoitavien ainesosien p\u00e4\u00e4syn syv\u00e4lle ihoon hoitaen, kosteuttaen tai liftaten oman valintasi mukaan. \u00a04 erilaista naamiovaihtoehtoa ihotyypin ja tarpeen mukaan.<\/li>\n<\/ul>\n<p>&nbsp;<\/p>\n<h3 style=\"text-align: center;\">LUONNOLLISET RAVINTOLIS\u00c4T<\/h3>\n<p>Ihmiskeho, mielen temppeli, on ainoa paikka, miss\u00e4 asumme koko ik\u00e4mme, joten ei ole yhdentekev\u00e4\u00e4, miten sit\u00e4 kohtelemme. Tiesitk\u00f6, kuinka iso on RAVINNON VOIMA? Jotta meid\u00e4n &#8221;koneisto&#8221; toimii, \u00a0on sille taattava kaikki tarvittavat rakennusaineet. Valitettavasti mm maaper\u00e4n k\u00f6yhtyminen tehomaatalouden my\u00f6t\u00e4 on johtanut siihen, ett\u00e4 pelk\u00e4st\u00e4 ruuasta on l\u00e4hes mahdoton saada riitt\u00e4v\u00e4sti \u00a0kivenn\u00e4is- ja hivenaineita. Tuontihedelmien vitamiinipitoisuudet eiv\u00e4t voi olla kovin korkeat niiden kypsytty\u00e4 konteissa ja kauppojen takahuoneessa ilman auringonvaloa.<br \/>\nMe voimme porskuttaa eteenp\u00e4in isoillakin ravintoainevajeilla, tottua ja tyyty\u00e4 pikkuhiljaa ja lis\u00e4\u00e4ntyviin vaivoihin, \u00a0sill\u00e4 t\u00e4m\u00e4 uskomaton koneistomme osaa kompensoida ja korvata puuttuvia ravintoaineita toisilla. N\u00e4in ei voi kuitenkaan jatkua loputtomiin vaan oireet pahenevat ja kroonistuvat. Meill\u00e4 diagnosoidaankin erilaisia allergioita ja autoimmuunisairauksia \u00a0melkoisella tahdilla, oireita hoidetaan ja l\u00e4\u00e4kit\u00e4\u00e4n, kun toinen tie olisi puuttua oireiden takana oleviin syihin.<\/p>\n<p>&nbsp;<\/p>\n<p style=\"text-align: center;\">KUNNOSTETAAN SUOLISTO!<\/p>\n<p><img loading=\"lazy\" decoding=\"async\" class=\"wp-image-446 alignleft\" src=\"https:\/\/bedmil.fi\/wp-content\/uploads\/2017\/02\/ACTIVIZE-300x300.jpg\" alt=\"\" width=\"324\" height=\"324\" srcset=\"https:\/\/bedmil.fi\/wp-content\/uploads\/2017\/02\/ACTIVIZE-300x300.jpg 300w, https:\/\/bedmil.fi\/wp-content\/uploads\/2017\/02\/ACTIVIZE-150x150.jpg 150w, https:\/\/bedmil.fi\/wp-content\/uploads\/2017\/02\/ACTIVIZE.jpg 480w\" sizes=\"auto, (max-width: 324px) 100vw, 324px\" \/>Suolisto-aivot akseli on asia, jota l\u00e4\u00e4ketiede tutkii t\u00e4n\u00e4 p\u00e4iv\u00e4n\u00e4 ahkerasti. Mik\u00e4 on bakteerikannan merkitys, mik\u00e4 on suolen lis\u00e4\u00e4ntyneen l\u00e4p\u00e4isevyyden ja ruuan pilkkoutumattomuuden merkitys?<br \/>\nJos suolisto \u00a0falskaa, paraskaan ravinto \u00a0ei imeydy optimaalisesti.<\/p>\n<p>Oman kokemuksen innoittamana voin l\u00e4mpim\u00e4sti suositella puhtaan ja hyv\u00e4n ruuan tueksi FitLinen nestem\u00e4isi\u00e4, nopeasti imeytyvi\u00e4 ravintolisi\u00e4.<\/p>\n<p>&nbsp;<\/p>\n<p>Toimin FitLine ja BeautyLine tuotteiden itsen\u00e4isen\u00e4 j\u00e4lleenmyyj\u00e4n\u00e4. <a href=\"https:\/\/bedmil.fi\/?page_id=181\"><strong>Ota yhteytt\u00e4<\/strong><\/a> &#8230;. niin kerron lis\u00e4\u00e4. Voit tutustua ja tilata tuotteet my\u00f6s suoraan netist\u00e4 maahantuojan verkkokaupasta. \u00a0<strong><a href=\"https:\/\/www.pm-international.com\/?cid=72&amp;c_id=4990&amp;TP=6310323&amp;lang=fi\">Kauppa<\/a><\/strong><\/p>\n<p>Hyvinvointiterveisin &lt;3<br \/>\nMerja<\/p>\n<p>&nbsp;<\/p>\n","protected":false},"excerpt":{"rendered":"<p>LAMPE BERGER &#8211; HUONEILMAN\u00a0RAIKASTIN &nbsp; &nbsp; K\u00e4ytt\u00f6ohje 1800-luvulla kehitetty Lampe Berger, huoneilman puhdistaja, on rantautunut suomeen ja Bedmiliin muutama vuosi sitten. Ihmelampuksi ristitty Lampe Berger poistaa sis\u00e4ilmasta ep\u00e4miellytt\u00e4v\u00e4t hajut ja pilkkoo ep\u00e4puhtaudet, kuten el\u00e4inp\u00f6lyn, molekyylitasolle, saaden huoneilman raikkaaksi ja puhtaaksi. Valittavanasi on useita eri tuoksuja&#8230;<\/p>\n","protected":false},"author":1,"featured_media":0,"parent":0,"menu_order":0,"comment_status":"closed","ping_status":"closed","template":"","meta":{"footnotes":""},"class_list":["post-39","page","type-page","status-publish","hentry"],"_links":{"self":[{"href":"https:\/\/bedmil.fi\/index.php?rest_route=\/wp\/v2\/pages\/39","targetHints":{"allow":["GET"]}}],"collection":[{"href":"https:\/\/bedmil.fi\/index.php?rest_route=\/wp\/v2\/pages"}],"about":[{"href":"https:\/\/bedmil.fi\/index.php?rest_route=\/wp\/v2\/types\/page"}],"author":[{"embeddable":true,"href":"https:\/\/bedmil.fi\/index.php?rest_route=\/wp\/v2\/users\/1"}],"replies":[{"embeddable":true,"href":"https:\/\/bedmil.fi\/index.php?rest_route=%2Fwp%2Fv2%2Fcomments&post=39"}],"version-history":[{"count":94,"href":"https:\/\/bedmil.fi\/index.php?rest_route=\/wp\/v2\/pages\/39\/revisions"}],"predecessor-version":[{"id":494,"href":"https:\/\/bedmil.fi\/index.php?rest_route=\/wp\/v2\/pages\/39\/revisions\/494"}],"wp:attachment":[{"href":"https:\/\/bedmil.fi\/index.php?rest_route=%2Fwp%2Fv2%2Fmedia&parent=39"}],"curies":[{"name":"wp","href":"https:\/\/api.w.org\/{rel}","templated":true}]}}